{"id":601,"date":"2024-05-14T06:08:58","date_gmt":"2024-05-14T06:08:58","guid":{"rendered":"http:\/\/doanhnghiepvinhlong.com\/?page_id=601"},"modified":"2024-06-21T15:27:55","modified_gmt":"2024-06-21T15:27:55","slug":"dang-ky-thanh-vien","status":"publish","type":"page","link":"http:\/\/doanhnghiepvinhlong.com\/?page_id=601","title":{"rendered":"\u0110\u0103ng k\u00fd th\u00e0nh vi\u00ean"},"content":{"rendered":"\t<div class=\"img has-hover x md-x lg-x y md-y lg-y\" id=\"image_454324887\">\n\t\t\t\t\t\t\t\t<div class=\"img-inner dark\" >\n\t\t\t<img loading=\"lazy\" decoding=\"async\" width=\"1900\" height=\"750\" src=\"http:\/\/doanhnghiepvinhlong.com\/wp-content\/uploads\/2024\/05\/THIET-KE-WEBSITE-THEO-YEU-CAU-5.png\" class=\"attachment-original size-original\" alt=\"\" srcset=\"http:\/\/doanhnghiepvinhlong.com\/wp-content\/uploads\/2024\/05\/THIET-KE-WEBSITE-THEO-YEU-CAU-5.png 1900w, http:\/\/doanhnghiepvinhlong.com\/wp-content\/uploads\/2024\/05\/THIET-KE-WEBSITE-THEO-YEU-CAU-5-800x316.png 800w, http:\/\/doanhnghiepvinhlong.com\/wp-content\/uploads\/2024\/05\/THIET-KE-WEBSITE-THEO-YEU-CAU-5-1400x553.png 1400w, http:\/\/doanhnghiepvinhlong.com\/wp-content\/uploads\/2024\/05\/THIET-KE-WEBSITE-THEO-YEU-CAU-5-768x303.png 768w, http:\/\/doanhnghiepvinhlong.com\/wp-content\/uploads\/2024\/05\/THIET-KE-WEBSITE-THEO-YEU-CAU-5-1536x606.png 1536w, http:\/\/doanhnghiepvinhlong.com\/wp-content\/uploads\/2024\/05\/THIET-KE-WEBSITE-THEO-YEU-CAU-5-510x201.png 510w\" sizes=\"auto, (max-width: 1900px) 100vw, 1900px\" \/>\t\t\t\t\t\t\n\t\t\t\t\t<\/div>\n\t\t\t\t\t\t\t\t\n<style>\n#image_454324887 {\n  width: 100%;\n}\n<\/style>\n\t<\/div>\n\t\n\t<div id=\"gap-1163513222\" class=\"gap-element clearfix\" style=\"display:block; height:auto;\">\n\t\t\n<style>\n#gap-1163513222 {\n  padding-top: 15px;\n}\n<\/style>\n\t<\/div>\n\t\n<p style=\"text-align: center;\"><span style=\"font-size: 150%;\"><strong>Th\u1ee7 t\u1ee5c gia nh\u1eadp h\u1ed9i vi\u00ean ch\u00ednh th\u1ee9c<\/strong><\/span><\/p>\n<div class=\"row\" style=\"max-width:1200px\" id=\"row-756998963\">\n\n\t<div id=\"col-270213618\" class=\"col small-12 large-12\"  >\n\t\t\t\t<div class=\"col-inner\"  >\n\t\t\t\n\t\t\t\n<p>\u0110\u1ec3 tr\u1edf th\u00e0nh h\u1ed9i vi\u00ean ch\u00ednh th\u1ee9c, t\u1ed5 ch\u1ee9c, c\u00e1 nh\u00e2n quan t\u00e2m vui l\u00f2ng cung c\u1ea5p h\u1ed3 s\u01a1 gia nh\u1eadp g\u1ed3m:<\/p>\n<ol>\n<li style=\"list-style-type: none;\">\n<ol>\n<li>\u0110\u01a1n xin gia nh\u1eadp l\u00e0m h\u1ed9i vi\u00ean<\/li>\n<li>Gi\u1ea5y ph\u00e9p \u0111\u0103ng k\u00fd kinh doanh, ho\u1eb7c gi\u1ea5y ph\u00e9p th\u00e0nh l\u1eadp ho\u1eb7c quy\u1ebft \u0111\u1ecbnh th\u00e0nh l\u1eadp<\/li>\n<li>Th\u00f4ng tin Doanh nghi\u1ec7p<\/li>\n<\/ol>\n<\/li>\n<\/ol>\n<p>Khi nh\u1eadn \u0111\u01b0\u1ee3c th\u00f4ng tin, Ban Th\u01b0\u1eddng tr\u1ef1c s\u1ebd x\u00e9t v\u00e0 th\u00f4ng b\u00e1o cho t\u1ed5 ch\u1ee9c li\u00ean quan v\u1ec1 quy\u1ebft \u0111\u1ecbnh ch\u1ea5p nh\u1eadn. Trong v\u00f2ng 1 th\u00e1ng k\u1ec3 t\u1eeb ng\u00e0y nh\u1eadn th\u00f4ng b\u00e1o, ch\u1ec9 khi n\u00e0o doanh nghi\u1ec7p \u0111\u00f3ng h\u1ed9i ph\u00ed m\u1edbi \u0111\u01b0\u1ee3c coi l\u00e0 h\u1ed9i vi\u00ean ch\u00ednh th\u1ee9c. M\u1ee9c thu h\u1ed9i ph\u00ed Hi\u1ec7p h\u1ed9i do Ban Ch\u1ea5p h\u00e0nh quy\u1ebft \u0111\u1ecbnh. M\u1ee9c thu h\u1ed9i ph\u00ed \u0111\u01b0\u1ee3c c\u0103n c\u1ee9 theo\u00a0 quy \u0111\u1ecbnh t\u1ea1i Quy ch\u1ebf Hi\u1ec7p h\u1ed9i do Ban Ch\u1ea5p h\u00e0nh xem x\u00e9t quy\u1ebft \u0111\u1ecbnh c\u1ee5 th\u1ec3.<\/p>\n<p>Hi\u0300nh th\u01b0\u0301c va\u0300 th\u01a1\u0300i gian \u0111\u00f3ng h\u1ed9i ph\u00ed:<\/p>\n<p>H\u00f4\u0323i phi\u0301 \u0111\u01b0\u01a1\u0323c thu h\u0103\u0300ng n\u0103m va\u0300 th\u01a1\u0300i gian \u0111o\u0301ng h\u00f4\u0323i phi\u0301 \u0111\u01b0\u1ee3c t\u00ednh theo ng\u00e0y tr\u00ean Quy\u1ebft \u0111\u1ecbnh c\u00f4ng nh\u1eadn h\u1ed9i vi\u00ean<\/p>\n<p>Th\u00f4ng tin chuy\u1ec3n kho\u1ea3n h\u1ed9i ph\u00ed:<\/p>\n<ul>\n<li style=\"list-style-type: none;\">\n<ul>\n<li>T\u00ean \u0111\u01a1n v\u1ecb th\u1ee5 h\u01b0\u1edfng: Hi\u1ec7p h\u1ed9i doanh nghi\u1ec7p t\u1ec9nh V\u0129nh Long<\/li>\n<li>S\u1ed1 t\u00e0i kho\u1ea3n: 116002957583 t\u1ea1i Vietinbank &#8211; Chi nh\u00e1nh t\u1ec9nh V\u0129nh Long<\/li>\n<li>N\u1ed9i dung: T\u00ean doanh nghi\u1ec7p_N\u1ed9p h\u1ed9i ph\u00ed n\u0103m \u2026<\/li>\n<\/ul>\n<\/li>\n<\/ul>\n<p>Th\u00f4ng tin li\u00ean h\u1ec7: Hi\u1ec7p h\u1ed9i Doanh nghi\u1ec7p t\u1ec9nh V\u0129nh Long, \u0111i\u1ec7n tho\u1ea1i 0888796479, email:hhdn.vinhlong@gmail.com.<\/p>\n<p>Th\u00f4ng b\u00e1o h\u1ed9i ph\u00ed n\u0103m 2024: <a href=\"#\">XEM V\u00c0 T\u1ea2I T\u1ea0I \u0110\u00c2Y<\/a><\/p>\n<ul>\n<li style=\"list-style-type: none;\">\n<ul>\n<li>H\u1ed9i ph\u00ed h\u1ed9i vi\u00ean hi\u1ec7p h\u1ed9i: 3.000.000 \u0111\u1ed3ng\/n\u0103m<\/li>\n<li>C\u00e1c tr\u01b0\u1eddng h\u1ee3p \u0111\u01b0\u1ee3c mi\u1ec5n thu h\u1ed9i ph\u00ed: H\u1ed9i vi\u00ean tham d\u1ef1<\/li>\n<\/ul>\n<\/li>\n<\/ul>\n<p>\u0110\u1ec3 bi\u1ebft th\u00eam th\u00f4ng tin chi ti\u1ebft, vui l\u00f2ng li\u00ean h\u1ec7 C\u00e1n b\u1ed9 ph\u1ee5 tr\u00e1ch v\u0103n ph\u00f2ng Hi\u1ec7p h\u1ed9i<\/p>\n<ul>\n<li style=\"list-style-type: none;\">\n<ul>\n<li>Ms. Nguy\u1ec5n Th\u1ecb Ph\u01b0\u01a1ng Th\u00f9y \u2013 Di \u0110\u1ed9ng\/Zalo: 0789547588<\/li>\n<li>Email: phuongthuy0932n204@gmail.com<\/li>\n<li>\u0110\u1ecba ch\u1ec9: S\u1ed1 168, \u0111\u01b0\u1eddng Nguy\u1ec5n Hu\u1ec7, ph\u01b0\u1eddng 2, Tp V\u0129nh Long, t\u1ec9nh V\u0129nh Long.<\/li>\n<\/ul>\n<\/li>\n<\/ul>\n\t\t<\/div>\n\t\t\t\t\t<\/div>\n\n\t\n<\/div>\n","protected":false},"excerpt":{"rendered":"<p>Th\u1ee7 t\u1ee5c gia nh\u1eadp h\u1ed9i vi\u00ean ch\u00ednh th\u1ee9c<\/p>\n","protected":false},"author":1,"featured_media":0,"parent":0,"menu_order":0,"comment_status":"closed","ping_status":"closed","template":"page-blank.php","meta":{"footnotes":""},"class_list":["post-601","page","type-page","status-publish","hentry"],"yoast_head":"<!-- This site is optimized with the Yoast SEO Premium plugin v20.5 (Yoast SEO v20.5) - https:\/\/yoast.com\/wordpress\/plugins\/seo\/ -->\n<title>\u0110\u0103ng k\u00fd th\u00e0nh vi\u00ean - Hi\u1ec7p H\u1ed9i Doanh Nghi\u1ec7p V\u0129nh Long<\/title>\n<meta name=\"robots\" content=\"index, follow, max-snippet:-1, max-image-preview:large, max-video-preview:-1\" \/>\n<link rel=\"canonical\" href=\"http:\/\/doanhnghiepvinhlong.com\/?page_id=601\" \/>\n<meta property=\"og:locale\" content=\"vi_VN\" \/>\n<meta property=\"og:type\" content=\"article\" \/>\n<meta property=\"og:title\" content=\"\u0110\u0103ng k\u00fd th\u00e0nh vi\u00ean\" \/>\n<meta property=\"og:description\" content=\"Th\u1ee7 t\u1ee5c gia nh\u1eadp h\u1ed9i vi\u00ean ch\u00ednh th\u1ee9c\" \/>\n<meta property=\"og:url\" content=\"http:\/\/doanhnghiepvinhlong.com\/?page_id=601\" \/>\n<meta property=\"og:site_name\" content=\"Hi\u1ec7p H\u1ed9i Doanh Nghi\u1ec7p V\u0129nh Long\" \/>\n<meta property=\"article:modified_time\" content=\"2024-06-21T15:27:55+00:00\" \/>\n<meta name=\"twitter:card\" content=\"summary_large_image\" \/>\n<meta name=\"twitter:label1\" content=\"\u01af\u1edbc t\u00ednh th\u1eddi gian \u0111\u1ecdc\" \/>\n\t<meta name=\"twitter:data1\" content=\"2 ph\u00fat\" \/>\n<script type=\"application\/ld+json\" class=\"yoast-schema-graph\">{\"@context\":\"https:\/\/schema.org\",\"@graph\":[{\"@type\":\"WebPage\",\"@id\":\"http:\/\/doanhnghiepvinhlong.com\/?page_id=601\",\"url\":\"http:\/\/doanhnghiepvinhlong.com\/?page_id=601\",\"name\":\"\u0110\u0103ng k\u00fd th\u00e0nh vi\u00ean - Hi\u1ec7p H\u1ed9i Doanh Nghi\u1ec7p V\u0129nh Long\",\"isPartOf\":{\"@id\":\"https:\/\/doanhnghiepvinhlong.com\/#website\"},\"datePublished\":\"2024-05-14T06:08:58+00:00\",\"dateModified\":\"2024-06-21T15:27:55+00:00\",\"breadcrumb\":{\"@id\":\"http:\/\/doanhnghiepvinhlong.com\/?page_id=601#breadcrumb\"},\"inLanguage\":\"vi\",\"potentialAction\":[{\"@type\":\"ReadAction\",\"target\":[\"http:\/\/doanhnghiepvinhlong.com\/?page_id=601\"]}]},{\"@type\":\"BreadcrumbList\",\"@id\":\"http:\/\/doanhnghiepvinhlong.com\/?page_id=601#breadcrumb\",\"itemListElement\":[{\"@type\":\"ListItem\",\"position\":1,\"name\":\"Home\",\"item\":\"https:\/\/doanhnghiepvinhlong.com\/\"},{\"@type\":\"ListItem\",\"position\":2,\"name\":\"\u0110\u0103ng k\u00fd th\u00e0nh vi\u00ean\"}]},{\"@type\":\"WebSite\",\"@id\":\"https:\/\/doanhnghiepvinhlong.com\/#website\",\"url\":\"https:\/\/doanhnghiepvinhlong.com\/\",\"name\":\"Hi\u1ec7p H\u1ed9i Doanh Nghi\u1ec7p V\u0129nh Long\",\"description\":\"\",\"potentialAction\":[{\"@type\":\"SearchAction\",\"target\":{\"@type\":\"EntryPoint\",\"urlTemplate\":\"https:\/\/doanhnghiepvinhlong.com\/?s={search_term_string}\"},\"query-input\":\"required name=search_term_string\"}],\"inLanguage\":\"vi\"}]}<\/script>\n<!-- \/ Yoast SEO Premium plugin. -->","yoast_head_json":{"title":"\u0110\u0103ng k\u00fd th\u00e0nh vi\u00ean - Hi\u1ec7p H\u1ed9i Doanh Nghi\u1ec7p V\u0129nh Long","robots":{"index":"index","follow":"follow","max-snippet":"max-snippet:-1","max-image-preview":"max-image-preview:large","max-video-preview":"max-video-preview:-1"},"canonical":"http:\/\/doanhnghiepvinhlong.com\/?page_id=601","og_locale":"vi_VN","og_type":"article","og_title":"\u0110\u0103ng k\u00fd th\u00e0nh vi\u00ean","og_description":"Th\u1ee7 t\u1ee5c gia nh\u1eadp h\u1ed9i vi\u00ean ch\u00ednh th\u1ee9c","og_url":"http:\/\/doanhnghiepvinhlong.com\/?page_id=601","og_site_name":"Hi\u1ec7p H\u1ed9i Doanh Nghi\u1ec7p V\u0129nh Long","article_modified_time":"2024-06-21T15:27:55+00:00","twitter_card":"summary_large_image","twitter_misc":{"\u01af\u1edbc t\u00ednh th\u1eddi gian \u0111\u1ecdc":"2 ph\u00fat"},"schema":{"@context":"https:\/\/schema.org","@graph":[{"@type":"WebPage","@id":"http:\/\/doanhnghiepvinhlong.com\/?page_id=601","url":"http:\/\/doanhnghiepvinhlong.com\/?page_id=601","name":"\u0110\u0103ng k\u00fd th\u00e0nh vi\u00ean - Hi\u1ec7p H\u1ed9i Doanh Nghi\u1ec7p V\u0129nh Long","isPartOf":{"@id":"https:\/\/doanhnghiepvinhlong.com\/#website"},"datePublished":"2024-05-14T06:08:58+00:00","dateModified":"2024-06-21T15:27:55+00:00","breadcrumb":{"@id":"http:\/\/doanhnghiepvinhlong.com\/?page_id=601#breadcrumb"},"inLanguage":"vi","potentialAction":[{"@type":"ReadAction","target":["http:\/\/doanhnghiepvinhlong.com\/?page_id=601"]}]},{"@type":"BreadcrumbList","@id":"http:\/\/doanhnghiepvinhlong.com\/?page_id=601#breadcrumb","itemListElement":[{"@type":"ListItem","position":1,"name":"Home","item":"https:\/\/doanhnghiepvinhlong.com\/"},{"@type":"ListItem","position":2,"name":"\u0110\u0103ng k\u00fd th\u00e0nh vi\u00ean"}]},{"@type":"WebSite","@id":"https:\/\/doanhnghiepvinhlong.com\/#website","url":"https:\/\/doanhnghiepvinhlong.com\/","name":"Hi\u1ec7p H\u1ed9i Doanh Nghi\u1ec7p V\u0129nh Long","description":"","potentialAction":[{"@type":"SearchAction","target":{"@type":"EntryPoint","urlTemplate":"https:\/\/doanhnghiepvinhlong.com\/?s={search_term_string}"},"query-input":"required name=search_term_string"}],"inLanguage":"vi"}]}},"_links":{"self":[{"href":"http:\/\/doanhnghiepvinhlong.com\/index.php?rest_route=\/wp\/v2\/pages\/601","targetHints":{"allow":["GET"]}}],"collection":[{"href":"http:\/\/doanhnghiepvinhlong.com\/index.php?rest_route=\/wp\/v2\/pages"}],"about":[{"href":"http:\/\/doanhnghiepvinhlong.com\/index.php?rest_route=\/wp\/v2\/types\/page"}],"author":[{"embeddable":true,"href":"http:\/\/doanhnghiepvinhlong.com\/index.php?rest_route=\/wp\/v2\/users\/1"}],"replies":[{"embeddable":true,"href":"http:\/\/doanhnghiepvinhlong.com\/index.php?rest_route=%2Fwp%2Fv2%2Fcomments&post=601"}],"version-history":[{"count":3,"href":"http:\/\/doanhnghiepvinhlong.com\/index.php?rest_route=\/wp\/v2\/pages\/601\/revisions"}],"predecessor-version":[{"id":716,"href":"http:\/\/doanhnghiepvinhlong.com\/index.php?rest_route=\/wp\/v2\/pages\/601\/revisions\/716"}],"wp:attachment":[{"href":"http:\/\/doanhnghiepvinhlong.com\/index.php?rest_route=%2Fwp%2Fv2%2Fmedia&parent=601"}],"curies":[{"name":"wp","href":"https:\/\/api.w.org\/{rel}","templated":true}]}}